{"id":40,"date":"2018-01-15T13:00:05","date_gmt":"2018-01-15T12:00:05","guid":{"rendered":"https:\/\/pro-medicus.org\/index.php\/specjalizacje\/"},"modified":"2019-09-27T10:18:19","modified_gmt":"2019-09-27T08:18:19","slug":"specjalizacje","status":"publish","type":"page","link":"https:\/\/pro-medicus.org\/index.php\/specjalizacje\/","title":{"rendered":"SPECJALIZACJE"},"content":{"rendered":"<p>[et_pb_section fb_built=&#8221;1&#8243; fullwidth=&#8221;on&#8221; _builder_version=&#8221;3.4.1&#8243; global_module=&#8221;177&#8243;][et_pb_fullwidth_slider _builder_version=&#8221;3.4.1&#8243; auto=&#8221;on&#8221; auto_speed=&#8221;4500&#8243;][et_pb_slide heading=&#8221;www.Pro-medicus.org &#8221; use_bg_overlay=&#8221;on&#8221; bg_overlay_color=&#8221;rgba(0,0,0,0.48)&#8221; use_text_overlay=&#8221;off&#8221; arrows_custom_color=&#8221;#0c71c3&#8243; dot_nav_custom_color=&#8221;#0c71c3&#8243; _builder_version=&#8221;3.4.1&#8243; header_font=&#8221;Comfortaa||||||||&#8221; header_text_align=&#8221;center&#8221; header_font_size=&#8221;40&#8243; header_font_size_tablet=&#8221;40&#8243; header_font_size_phone=&#8221;40&#8243; body_font=&#8221;Comfortaa||||||||&#8221; body_text_align=&#8221;center&#8221; body_text_color=&#8221;#ffffff&#8221; body_font_size_tablet=&#8221;14&#8243; body_font_size_phone=&#8221;14&#8243; background_image=&#8221;https:\/\/pro-medicus.org\/wp-content\/uploads\/2018\/01\/computer-1149148_1920.jpg&#8221; button_on_hover=&#8221;on&#8221; custom_css_before=&#8221;height:400px;&#8221; custom_css_main_element=&#8221;height:400px;&#8221; custom_css_after=&#8221;height:400px;&#8221;]<\/p>\n<p style=\"text-align: center;\"><strong>dzialamy od 2001 roku.<\/strong><\/p>\n<p>[\/et_pb_slide][et_pb_slide heading=&#8221;www.Pro-medicus.org &#8221; use_bg_overlay=&#8221;on&#8221; bg_overlay_color=&#8221;rgba(0,0,0,0.48)&#8221; use_text_overlay=&#8221;off&#8221; arrows_custom_color=&#8221;#0c71c3&#8243; dot_nav_custom_color=&#8221;#0c71c3&#8243; _builder_version=&#8221;3.4.1&#8243; header_font=&#8221;Comfortaa||||||||&#8221; header_text_align=&#8221;center&#8221; header_font_size=&#8221;40&#8243; header_font_size_tablet=&#8221;40&#8243; header_font_size_phone=&#8221;40&#8243; body_font=&#8221;Comfortaa||||||||&#8221; body_text_align=&#8221;center&#8221; body_text_color=&#8221;#ffffff&#8221; body_font_size_tablet=&#8221;14&#8243; body_font_size_phone=&#8221;14&#8243; background_image=&#8221;https:\/\/pro-medicus.org\/wp-content\/uploads\/2018\/01\/doctor-1149149_1920.jpg&#8221; background_position=&#8221;top_center&#8221; button_on_hover=&#8221;on&#8221; custom_css_before=&#8221;height:400px;&#8221; custom_css_main_element=&#8221;height:400px;&#8221; custom_css_after=&#8221;height:400px;&#8221;]<\/p>\n<p style=\"text-align: center;\"><strong>dzialamy od 2001 roku.<\/strong><\/p>\n<p>[\/et_pb_slide][et_pb_slide heading=&#8221;www.Pro-medicus.org &#8221; use_bg_overlay=&#8221;on&#8221; bg_overlay_color=&#8221;rgba(0,0,0,0.48)&#8221; use_text_overlay=&#8221;off&#8221; arrows_custom_color=&#8221;#0c71c3&#8243; dot_nav_custom_color=&#8221;#0c71c3&#8243; _builder_version=&#8221;3.4.1&#8243; header_font=&#8221;Comfortaa||||||||&#8221; header_text_align=&#8221;center&#8221; header_font_size=&#8221;40&#8243; header_font_size_tablet=&#8221;40&#8243; header_font_size_phone=&#8221;40&#8243; body_font=&#8221;Comfortaa||||||||&#8221; body_text_align=&#8221;center&#8221; body_text_color=&#8221;#ffffff&#8221; body_font_size_tablet=&#8221;14&#8243; body_font_size_phone=&#8221;14&#8243; background_image=&#8221;https:\/\/pro-medicus.org\/wp-content\/uploads\/2018\/01\/medical-563427_1920.jpg&#8221; button_on_hover=&#8221;on&#8221; custom_css_before=&#8221;height:400px;&#8221; custom_css_main_element=&#8221;height:400px;&#8221; custom_css_after=&#8221;height:400px;&#8221;]<\/p>\n<p style=\"text-align: center;\"><strong>dzialamy od 2001 roku.<\/strong><\/p>\n<p>[\/et_pb_slide][\/et_pb_fullwidth_slider][\/et_pb_section][et_pb_section fb_built=&#8221;1&#8243; _builder_version=&#8221;3.0.47&#8243;][et_pb_row _builder_version=&#8221;3.0.47&#8243; background_size=&#8221;initial&#8221; background_position=&#8221;top_left&#8221; background_repeat=&#8221;repeat&#8221;][et_pb_column type=&#8221;4_4&#8243; _builder_version=&#8221;3.0.47&#8243; parallax=&#8221;off&#8221; parallax_method=&#8221;on&#8221;][et_pb_text _builder_version=&#8221;3.0.95&#8243;]<\/p>\n<h3 style=\"text-align: center;\"><span class=\"diyfeDecoration\">SPECJALIZACJA W NIEMCZECH KLUCZEM DO KARIERY<\/span><\/h3>\n<p>[\/et_pb_text][\/et_pb_column][\/et_pb_row][et_pb_row _builder_version=&#8221;3.0.47&#8243; background_size=&#8221;initial&#8221; background_position=&#8221;top_left&#8221; background_repeat=&#8221;repeat&#8221;][et_pb_column type=&#8221;1_2&#8243; _builder_version=&#8221;3.0.47&#8243; parallax=&#8221;off&#8221; parallax_method=&#8221;on&#8221;][et_pb_text _builder_version=&#8221;3.0.95&#8243;]<\/p>\n<p>Nasze wieloletnie do\u015bwiadczenia pokazuj\u0105 dobitnie, \u017ce odbycie specjalizacji w klinikach niemieckich jest bardzo korzystnym krokiem w rozwoju Pa\u0144stwa kariery zawodowej.<\/p>\n<p>Wsp\u00f3\u0142pracuj\u0105ce z nami kliniki oferuj\u0105:<\/p>\n<ul>\n<li>bardzo dobre warunki szkoleniowe<\/li>\n<li>prac\u0119 w oparciu o najnowocze\u015bniejszy sprz\u0119t diagnostyczny i operacyjny<\/li>\n<li>mi\u0142e podej\u015bcie do m\u0142odych lekarzy ze strony lekarzy szkol\u0105cych<\/li>\n<li>pewno\u015b\u0107 zatrudnienia i uko\u0144czenia specjalizacji<\/li>\n<li>atrakcyjne warunki finansowe oraz zabezpieczenie socjalne<\/li>\n<li>kliniki\u00a0te r\u00f3wnie\u017c zapewniaj\u0105c swoim pacjentom szeroki zakres us\u0142ug medycznych, umo\u017cliwiaj\u0105 Pa\u0144stwu sprawne zdobycie koniecznych kwalifikacji<\/li>\n<\/ul>\n<p>Obecnie najpopularniejsze specjalizacje do zdobycia to: anestezjologia i intensywna terapia, medycyna wewn\u0119trzna- kardiologia, gastroenterologia, pulmunologia, diabetologia, geriatria,\u00a0psychiatria i psychoterapia, psychiatria i psychoterapia dzieci\u0119ca, neurologia., kierunki rehabilitacyjne: rehabilitacja neurologiczna, kardiologiczna, ortopedyczna.<\/p>\n<p>[\/et_pb_text][\/et_pb_column][et_pb_column type=&#8221;1_2&#8243; _builder_version=&#8221;3.0.47&#8243; parallax=&#8221;off&#8221; parallax_method=&#8221;on&#8221;][et_pb_text _builder_version=&#8221;3.0.95&#8243;]Przyjmujemy r\u00f3wnie\u017c zg\u0142oszenia na inne kierunki: chirurgia, ginekologia, chirurgia twarzowo-szcz\u0119kowa, radiologia, chirurgia plastyczna, ortopedia, okulistyka, pediatria, chirurgia dzieci\u0119ca<\/p>\n<p>Do ka\u017cdego Pa\u0144stwa zg\u0142oszenia podchodzimy indywidualnie i szukamy najlepszego dla Pa\u0144stwa rozwi\u0105zania.<\/p>\n<p>Poniewa\u017c wsp\u00f3\u0142pracujemy z bardzo du\u017c\u0105 ilo\u015bci\u0105 klinik, sytuacja w zakresie miejsc specjalizacyjnych zmienia si\u0119 non stop.<\/p>\n<p>Zawsze pojawiaj\u0105 si\u0119 nowe zg\u0142oszenia miejsc.<\/p>\n<p>Jeste\u015bmy otwarci na Pa\u0144stwa oczekiwania, poniewa\u017c liczne kontakty w klinikach daj\u0105 nam szanse na ich realizacje.<\/p>\n<p>Zapraszamy serdecznie do wsp\u00f3\u0142pracy.<br \/>\n[\/et_pb_text][\/et_pb_column][\/et_pb_row][\/et_pb_section][et_pb_section fb_built=&#8221;1&#8243; fullwidth=&#8221;on&#8221; _builder_version=&#8221;3.0.95&#8243; global_module=&#8221;103&#8243;][et_pb_fullwidth_header _builder_version=&#8221;3.2&#8243; background_color=&#8221;rgba(255, 255, 255, 0)&#8221; background_image=&#8221;https:\/\/pro-medicus.org\/wp-content\/uploads\/2018\/01\/dentist-3069416_1920.jpg&#8221; parallax=&#8221;on&#8221; background_layout=&#8221;light&#8221; custom_css_before=&#8221;height:200px;&#8221; custom_css_main_element=&#8221;height:200px;&#8221; custom_css_after=&#8221;height:200px;&#8221;][\/et_pb_fullwidth_header][\/et_pb_section][et_pb_section fb_built=&#8221;1&#8243; _builder_version=&#8221;3.0.95&#8243; background_color=&#8221;#034ea2&#8243; global_module=&#8221;104&#8243;][et_pb_row _builder_version=&#8221;3.0.47&#8243; background_size=&#8221;initial&#8221; background_position=&#8221;top_left&#8221; background_repeat=&#8221;repeat&#8221;][et_pb_column type=&#8221;4_4&#8243; _builder_version=&#8221;3.0.47&#8243; parallax=&#8221;off&#8221; parallax_method=&#8221;on&#8221;][et_pb_text _builder_version=&#8221;3.0.95&#8243; background_layout=&#8221;dark&#8221;]<\/p>\n<h2 style=\"text-align: center;\"><strong>KONTAKT<\/strong><\/h2>\n<p>[\/et_pb_text][\/et_pb_column][\/et_pb_row][et_pb_row _builder_version=&#8221;3.0.47&#8243; background_size=&#8221;initial&#8221; background_position=&#8221;top_left&#8221; background_repeat=&#8221;repeat&#8221;][et_pb_column type=&#8221;1_2&#8243; _builder_version=&#8221;3.0.47&#8243; parallax=&#8221;off&#8221; parallax_method=&#8221;on&#8221;][et_pb_blurb title=&#8221;+48 602 813 298&#8243; use_icon=&#8221;on&#8221; font_icon=&#8221;%%264%%&#8221; icon_color=&#8221;#ffffff&#8221; use_icon_font_size=&#8221;on&#8221; icon_font_size=&#8221;65px&#8221; _builder_version=&#8221;3.0.95&#8243; header_level=&#8221;h2&#8243; text_orientation=&#8221;center&#8221; background_layout=&#8221;dark&#8221;][\/et_pb_blurb][\/et_pb_column][et_pb_column type=&#8221;1_2&#8243; _builder_version=&#8221;3.0.47&#8243; parallax=&#8221;off&#8221; parallax_method=&#8221;on&#8221;][et_pb_blurb title=&#8221;info@pro-medicus.org&#8221; use_icon=&#8221;on&#8221; font_icon=&#8221;%%238%%&#8221; icon_color=&#8221;#ffffff&#8221; use_icon_font_size=&#8221;on&#8221; icon_font_size=&#8221;65px&#8221; _builder_version=&#8221;3.0.95&#8243; header_level=&#8221;h2&#8243; text_orientation=&#8221;center&#8221; background_layout=&#8221;dark&#8221;][\/et_pb_blurb][\/et_pb_column][\/et_pb_row][\/et_pb_section]<\/p>\n","protected":false},"excerpt":{"rendered":"<p>[et_pb_section fb_built=&#8221;1&#8243; fullwidth=&#8221;on&#8221; _builder_version=&#8221;3.4.1&#8243; global_module=&#8221;177&#8243;][et_pb_fullwidth_slider _builder_version=&#8221;3.4.1&#8243; auto=&#8221;on&#8221; auto_speed=&#8221;4500&#8243;][et_pb_slide heading=&#8221;www.Pro-medicus.org &#8221; use_bg_overlay=&#8221;on&#8221; bg_overlay_color=&#8221;rgba(0,0,0,0.48)&#8221; use_text_overlay=&#8221;off&#8221; arrows_custom_color=&#8221;#0c71c3&#8243; dot_nav_custom_color=&#8221;#0c71c3&#8243; _builder_version=&#8221;3.4.1&#8243; header_font=&#8221;Comfortaa||||||||&#8221; header_text_align=&#8221;center&#8221; header_font_size=&#8221;40&#8243; header_font_size_tablet=&#8221;40&#8243; header_font_size_phone=&#8221;40&#8243; body_font=&#8221;Comfortaa||||||||&#8221; body_text_align=&#8221;center&#8221; body_text_color=&#8221;#ffffff&#8221; body_font_size_tablet=&#8221;14&#8243; body_font_size_phone=&#8221;14&#8243; background_image=&#8221;https:\/\/pro-medicus.org\/wp-content\/uploads\/2018\/01\/computer-1149148_1920.jpg&#8221; button_on_hover=&#8221;on&#8221; custom_css_before=&#8221;height:400px;&#8221; custom_css_main_element=&#8221;height:400px;&#8221; custom_css_after=&#8221;height:400px;&#8221;] dzialamy od 2001 roku. [\/et_pb_slide][et_pb_slide heading=&#8221;www.Pro-medicus.org &#8221; use_bg_overlay=&#8221;on&#8221; bg_overlay_color=&#8221;rgba(0,0,0,0.48)&#8221; use_text_overlay=&#8221;off&#8221; arrows_custom_color=&#8221;#0c71c3&#8243; dot_nav_custom_color=&#8221;#0c71c3&#8243; _builder_version=&#8221;3.4.1&#8243; header_font=&#8221;Comfortaa||||||||&#8221; header_text_align=&#8221;center&#8221; header_font_size=&#8221;40&#8243; header_font_size_tablet=&#8221;40&#8243; header_font_size_phone=&#8221;40&#8243; body_font=&#8221;Comfortaa||||||||&#8221; body_text_align=&#8221;center&#8221; body_text_color=&#8221;#ffffff&#8221; body_font_size_tablet=&#8221;14&#8243; body_font_size_phone=&#8221;14&#8243; background_image=&#8221;https:\/\/pro-medicus.org\/wp-content\/uploads\/2018\/01\/doctor-1149149_1920.jpg&#8221; [&hellip;]<\/p>\n","protected":false},"author":1,"featured_media":0,"parent":0,"menu_order":0,"comment_status":"closed","ping_status":"closed","template":"","meta":{"_et_pb_use_builder":"on","_et_pb_old_content":"","_et_gb_content_width":"","footnotes":""},"class_list":["post-40","page","type-page","status-publish","hentry"],"_links":{"self":[{"href":"https:\/\/pro-medicus.org\/index.php\/wp-json\/wp\/v2\/pages\/40","targetHints":{"allow":["GET"]}}],"collection":[{"href":"https:\/\/pro-medicus.org\/index.php\/wp-json\/wp\/v2\/pages"}],"about":[{"href":"https:\/\/pro-medicus.org\/index.php\/wp-json\/wp\/v2\/types\/page"}],"author":[{"embeddable":true,"href":"https:\/\/pro-medicus.org\/index.php\/wp-json\/wp\/v2\/users\/1"}],"replies":[{"embeddable":true,"href":"https:\/\/pro-medicus.org\/index.php\/wp-json\/wp\/v2\/comments?post=40"}],"version-history":[{"count":3,"href":"https:\/\/pro-medicus.org\/index.php\/wp-json\/wp\/v2\/pages\/40\/revisions"}],"predecessor-version":[{"id":183,"href":"https:\/\/pro-medicus.org\/index.php\/wp-json\/wp\/v2\/pages\/40\/revisions\/183"}],"wp:attachment":[{"href":"https:\/\/pro-medicus.org\/index.php\/wp-json\/wp\/v2\/media?parent=40"}],"curies":[{"name":"wp","href":"https:\/\/api.w.org\/{rel}","templated":true}]}}